{"id":89,"date":"2025-10-09T13:07:11","date_gmt":"2025-10-09T11:07:11","guid":{"rendered":"https:\/\/ark-blackcat.com\/shop-knnt\/?post_type=product&#038;p=89"},"modified":"2026-01-28T15:55:52","modified_gmt":"2026-01-28T14:55:52","slug":"pass-kuro","status":"publish","type":"product","link":"https:\/\/ark-blackcat.com\/shop-knnt\/produit\/pass-kuro\/","title":{"rendered":"Pass \u9ed2 Kuro"},"content":{"rendered":"<p class=\"my-2 [&amp;+p]:mt-4 [&amp;_strong:has(+br)]:inline-block [&amp;_strong:has(+br)]:pb-2\">D\u00e9couvrez le Pass \u9ed2 Kuro, la carte fid\u00e9lit\u00e9 exclusive en quantit\u00e9 limit\u00e9e (40 au total).<\/p>\n<p class=\"my-2 [&amp;+p]:mt-4 [&amp;_strong:has(+br)]:inline-block [&amp;_strong:has(+br)]:pb-2\"><strong>En r\u00e9sum\u00e9, le Pass \u9ed2 Kuro c&rsquo;est :<\/strong><\/p>\n<ul>\n<li><strong>Une carte \u00e0 votre nom<\/strong><\/li>\n<li><strong>5% de r\u00e9duction \u00e0 vie<\/strong><\/li>\n<li><strong>4 cartes cadeaux de 15\u20ac<\/strong><\/li>\n<\/ul>\n<p class=\"my-2 [&amp;+p]:mt-4 [&amp;_strong:has(+br)]:inline-block [&amp;_strong:has(+br)]:pb-2\">Cette carte nominative vous offre une r\u00e9duction de 5% \u00e0 vie sur tous vos achats, que ce soit lors de vos passages au food truck ou sur le site internet.<\/p>\n<p class=\"my-2 [&amp;+p]:mt-4 [&amp;_strong:has(+br)]:inline-block [&amp;_strong:has(+br)]:pb-2\">Le Pass Kuro est accompagn\u00e9 de 3 cartes cadeaux de 15 \u20ac, plus une carte offerte suppl\u00e9mentaire, soit un total de 4 cartes cadeaux (d&rsquo;une valeur total de 60\u20ac). Les carte cadeaux sont s\u00e9cable, ce qui signifie que vous pouvez l\u2019utiliser en plusieurs fois, selon vos envies et besoins, ce qui vous offre la possibilit\u00e9 d&rsquo;en profiter \u00e0 votre rythme.<\/p>\n<p class=\"my-2 [&amp;+p]:mt-4 [&amp;_strong:has(+br)]:inline-block [&amp;_strong:has(+br)]:pb-2\">En plus de ces avantages, votre nom sera inscrit sur un tableau d\u00e9di\u00e9 dans le food truck, symbolisant votre appartenance privil\u00e9gi\u00e9e \u00e0 notre communaut\u00e9 et votre soutien \u00e0 notre projet. Ce tableau honore toutes celles et ceux qui rendent le projet possible en affichant leur contribution.<\/p>\n<p class=\"my-2 [&amp;+p]:mt-4 [&amp;_strong:has(+br)]:inline-block [&amp;_strong:has(+br)]:pb-2\">Ne manquez pas cette opportunit\u00e9 unique : le Pass Gin est un objet rare, r\u00e9serv\u00e9 \u00e0 un nombre limit\u00e9 de personnes qui souhaitent profiter pleinement de cet avantage exclusif.<\/p>\n<p>Votre pass ainsi que les cartes cadeaux vous sera envoy\u00e9e par courrier postal, soigneusement emball\u00e9s.<\/p>\n<ul>\n<li>Conditions et date d&rsquo;expiration du pass : carte nominative et sans limitation de dur\u00e9e, les pass et cartes cadeaux sont exclus de la remise de 5%.<\/li>\n<li>Date d&rsquo;expiration des cartes cadeaux : 31 d\u00e9cembre 2026.<\/li>\n<\/ul>\n<p><em>Les visuels finaux des Pass et de la carte cadeau sont en cours d&rsquo;\u00e9laboration<\/em><\/p>\n","protected":false},"excerpt":{"rendered":"<p>D\u00e9couvrez le Pass \u9ed2 Kuro, la carte fid\u00e9lit\u00e9 exclusive en quantit\u00e9 limit\u00e9e (40 au total). En r\u00e9sum\u00e9, le Pass \u9ed2 Kuro c&rsquo;est : Une carte \u00e0 votre nom 5% de r\u00e9duction \u00e0 vie 4 cartes cadeaux de 15\u20ac Cette carte nominative vous offre une r\u00e9duction de 5% \u00e0 vie sur tous vos achats, que ce [&hellip;]<\/p>\n","protected":false},"featured_media":168,"comment_status":"open","ping_status":"closed","template":"","meta":[],"product_brand":[],"product_cat":[22,24],"product_tag":[],"class_list":{"0":"post-89","1":"product","2":"type-product","3":"status-publish","4":"has-post-thumbnail","6":"product_cat-kami-neko-cards","7":"product_cat-crowdfunding","9":"first","10":"instock","11":"sale","12":"featured","13":"shipping-taxable","14":"purchasable","15":"product-type-simple"},"jetpack_sharing_enabled":true,"_links":{"self":[{"href":"https:\/\/ark-blackcat.com\/shop-knnt\/wp-json\/wp\/v2\/product\/89","targetHints":{"allow":["GET"]}}],"collection":[{"href":"https:\/\/ark-blackcat.com\/shop-knnt\/wp-json\/wp\/v2\/product"}],"about":[{"href":"https:\/\/ark-blackcat.com\/shop-knnt\/wp-json\/wp\/v2\/types\/product"}],"replies":[{"embeddable":true,"href":"https:\/\/ark-blackcat.com\/shop-knnt\/wp-json\/wp\/v2\/comments?post=89"}],"wp:featuredmedia":[{"embeddable":true,"href":"https:\/\/ark-blackcat.com\/shop-knnt\/wp-json\/wp\/v2\/media\/168"}],"wp:attachment":[{"href":"https:\/\/ark-blackcat.com\/shop-knnt\/wp-json\/wp\/v2\/media?parent=89"}],"wp:term":[{"taxonomy":"product_brand","embeddable":true,"href":"https:\/\/ark-blackcat.com\/shop-knnt\/wp-json\/wp\/v2\/product_brand?post=89"},{"taxonomy":"product_cat","embeddable":true,"href":"https:\/\/ark-blackcat.com\/shop-knnt\/wp-json\/wp\/v2\/product_cat?post=89"},{"taxonomy":"product_tag","embeddable":true,"href":"https:\/\/ark-blackcat.com\/shop-knnt\/wp-json\/wp\/v2\/product_tag?post=89"}],"curies":[{"name":"wp","href":"https:\/\/api.w.org\/{rel}","templated":true}]}}