{"id":156,"date":"2025-11-23T19:37:53","date_gmt":"2025-11-23T18:37:53","guid":{"rendered":"https:\/\/ark-blackcat.com\/shop-knnt\/?page_id=156"},"modified":"2025-11-23T19:37:53","modified_gmt":"2025-11-23T18:37:53","slug":"politique-de-confidentialite-2","status":"publish","type":"page","link":"https:\/\/ark-blackcat.com\/shop-knnt\/politique-de-confidentialite-2\/","title":{"rendered":"Politique de Confidentialit\u00e9"},"content":{"rendered":"\n<h2 class=\"wp-block-heading\" id=\"politique-de-confidentialit\">Politique de Confidentialit\u00e9<\/h2>\n\n\n\n<h2 class=\"wp-block-heading\">Introduction<\/h2>\n\n\n\n<p>KNNT (\u00ab\u00a0nous\u00a0\u00bb, \u00ab\u00a0notre\u00a0\u00bb) respecte la vie priv\u00e9e de ses utilisateurs (\u00ab\u00a0vous\u00a0\u00bb). Cette politique explique comment nous collectons, utilisons, prot\u00e9geons et partageons vos informations personnelles lors de votre visite sur notre site marchand [nom du site].<\/p>\n\n\n\n<h2 class=\"wp-block-heading\">Donn\u00e9es collect\u00e9es<\/h2>\n\n\n\n<p>Nous collectons les donn\u00e9es suivantes : nom, pr\u00e9nom, adresse, email, t\u00e9l\u00e9phone, donn\u00e9es de paiement, et informations de navigation (via cookies). Ces donn\u00e9es sont collect\u00e9es lors de la cr\u00e9ation de votre compte, commande, abonnement \u00e0 une newsletter, ou interaction avec notre site.<\/p>\n\n\n\n<h2 class=\"wp-block-heading\">Finalit\u00e9s de la collecte<\/h2>\n\n\n\n<p>Les donn\u00e9es sont utilis\u00e9es pour :<\/p>\n\n\n\n<ul class=\"wp-block-list\">\n<li>G\u00e9rer vos commandes et livraisons<\/li>\n\n\n\n<li>Communiquer avec vous (service client, notifications)<\/li>\n\n\n\n<li>Am\u00e9liorer nos services et personnaliser votre exp\u00e9rience<\/li>\n\n\n\n<li>Respecter nos obligations l\u00e9gales<\/li>\n<\/ul>\n\n\n\n<h2 class=\"wp-block-heading\">Base l\u00e9gale<\/h2>\n\n\n\n<p>Le traitement des donn\u00e9es est effectu\u00e9 sur la base :<\/p>\n\n\n\n<ul class=\"wp-block-list\">\n<li>De la performance du contrat (ex\u00e9cution des commandes)<\/li>\n\n\n\n<li>Du consentement (inscription newsletter)<\/li>\n\n\n\n<li>Des obligations l\u00e9gales<\/li>\n<\/ul>\n\n\n\n<h2 class=\"wp-block-heading\">Dur\u00e9e de conservation<\/h2>\n\n\n\n<p>Vos donn\u00e9es sont conserv\u00e9es pendant la dur\u00e9e strictement n\u00e9cessaire \u00e0 la gestion de votre compte et de la relation commerciale, g\u00e9n\u00e9ralement 3 ans apr\u00e8s votre derni\u00e8re commande ou contact.<\/p>\n\n\n\n<h2 class=\"wp-block-heading\">Destinataires des donn\u00e9es<\/h2>\n\n\n\n<p>Les donn\u00e9es peuvent \u00eatre transmises \u00e0 nos prestataires techniques (h\u00e9bergeur, services de paiement) et partenaires n\u00e9cessaires \u00e0 l\u2019ex\u00e9cution du contrat. Nous ne vendons pas vos informations \u00e0 des tiers.<\/p>\n\n\n\n<h2 class=\"wp-block-heading\">S\u00e9curit\u00e9<\/h2>\n\n\n\n<p>Des mesures techniques et organisationnelles sont en place pour garantir la confidentialit\u00e9 et la s\u00e9curit\u00e9 de vos donn\u00e9es.<\/p>\n\n\n\n<h2 class=\"wp-block-heading\">Cookies et traceurs<\/h2>\n\n\n\n<p>Le site utilise des cookies pour am\u00e9liorer votre exp\u00e9rience. Vous pouvez g\u00e9rer vos pr\u00e9f\u00e9rences via un bandeau cookies.<\/p>\n\n\n\n<h2 class=\"wp-block-heading\">Vos droits<\/h2>\n\n\n\n<p>Conform\u00e9ment au RGPD, vous disposez d\u2019un droit d\u2019acc\u00e8s, de rectification, de suppression, d\u2019opposition, de limitation du traitement et de portabilit\u00e9 de vos donn\u00e9es. Vous pouvez exercer ces droits en contactant :&nbsp;<a rel=\"noreferrer noopener\" target=\"_blank\" href=\"mailto:ark.yatai@gmail.com\">ark.yatai@gmail.com<\/a>.<\/p>\n\n\n\n<h2 class=\"wp-block-heading\">Responsable du traitement<\/h2>\n\n\n\n<p>Kevin Arsac, entrepreneur individuel, KNNT<br>15 Bd George Sand, 43000 Le Puy-en-Velay<br>Email :&nbsp;<a rel=\"noreferrer noopener\" target=\"_blank\" href=\"mailto:ark.yatai@gmail.com\">ark.yatai@gmail.com<\/a><\/p>\n","protected":false},"excerpt":{"rendered":"<p>Politique de Confidentialit\u00e9 Introduction KNNT (\u00ab\u00a0nous\u00a0\u00bb, \u00ab\u00a0notre\u00a0\u00bb) respecte la vie priv\u00e9e de ses utilisateurs (\u00ab\u00a0vous\u00a0\u00bb). Cette politique explique comment nous collectons, utilisons, prot\u00e9geons et partageons vos informations personnelles lors de votre visite sur notre site marchand [nom du site]. Donn\u00e9es collect\u00e9es Nous collectons les donn\u00e9es suivantes : nom, pr\u00e9nom, adresse, email, t\u00e9l\u00e9phone, donn\u00e9es de paiement, [&hellip;]<\/p>\n","protected":false},"author":1,"featured_media":0,"parent":0,"menu_order":0,"comment_status":"closed","ping_status":"closed","template":"","meta":{"footnotes":""},"class_list":["post-156","page","type-page","status-publish","hentry"],"jetpack_sharing_enabled":true,"_links":{"self":[{"href":"https:\/\/ark-blackcat.com\/shop-knnt\/wp-json\/wp\/v2\/pages\/156","targetHints":{"allow":["GET"]}}],"collection":[{"href":"https:\/\/ark-blackcat.com\/shop-knnt\/wp-json\/wp\/v2\/pages"}],"about":[{"href":"https:\/\/ark-blackcat.com\/shop-knnt\/wp-json\/wp\/v2\/types\/page"}],"author":[{"embeddable":true,"href":"https:\/\/ark-blackcat.com\/shop-knnt\/wp-json\/wp\/v2\/users\/1"}],"replies":[{"embeddable":true,"href":"https:\/\/ark-blackcat.com\/shop-knnt\/wp-json\/wp\/v2\/comments?post=156"}],"version-history":[{"count":1,"href":"https:\/\/ark-blackcat.com\/shop-knnt\/wp-json\/wp\/v2\/pages\/156\/revisions"}],"predecessor-version":[{"id":157,"href":"https:\/\/ark-blackcat.com\/shop-knnt\/wp-json\/wp\/v2\/pages\/156\/revisions\/157"}],"wp:attachment":[{"href":"https:\/\/ark-blackcat.com\/shop-knnt\/wp-json\/wp\/v2\/media?parent=156"}],"curies":[{"name":"wp","href":"https:\/\/api.w.org\/{rel}","templated":true}]}}