{"id":108,"date":"2025-11-20T15:28:21","date_gmt":"2025-11-20T14:28:21","guid":{"rendered":"https:\/\/ark-blackcat.com\/shop-knnt\/?page_id=108"},"modified":"2025-11-24T00:35:26","modified_gmt":"2025-11-23T23:35:26","slug":"crowdfunding","status":"publish","type":"page","link":"https:\/\/ark-blackcat.com\/shop-knnt\/crowdfunding\/","title":{"rendered":"Crowdfunding"},"content":{"rendered":"\n<div class=\"wp-block-group has-global-padding is-layout-constrained wp-block-group-is-layout-constrained\">\n<h2 class=\"wp-block-heading\">\u2728 Lancement de la campagne de financement participatif ! \u2728<\/h2>\n\n\n\n<p class=\"has-raleway-font-family has-medium-font-size\" style=\"font-style:normal;font-weight:700\">Pour donner vie au projet Kuro Neko no Yatai, j&rsquo;ai besoin de vous. Gr\u00e2ce \u00e0 votre soutien, le food truck japonais pourra prendre la route au printemps 2026 et vous offrir des saveurs authentiques et uniques.<\/p>\n\n\n\n<p class=\"has-raleway-font-family has-medium-font-size\" style=\"font-style:normal;font-weight:700\">C\u2019est pourquoi je lance une campagne de financement participatif directement sur le site web boutique. En participant, vous contribuez non seulement \u00e0 la construction du yatai, mais vous acc\u00e9dez aussi \u00e0 des contreparties exclusives !<\/p>\n\n\n\n<p class=\"has-raleway-font-family has-medium-font-size\" style=\"font-style:normal;font-weight:700\">Rejoignez l\u2019aventure, faites partie de cette belle histoire, et aidez-moi \u00e0 faire vibrer la culture japonaise partout en France !<\/p>\n\n\n\n<p class=\"has-text-align-center has-raleway-font-family has-large-font-size\" style=\"font-style:normal;font-weight:700\">D\u00e9couvrez tous les d\u00e9tails et soutenez le projet d\u00e8s maintenant :<\/p>\n<\/div>\n\n\n\n<div class=\"wp-block-group has-global-padding is-layout-constrained wp-block-group-is-layout-constrained\">\n<p class=\"has-raleway-font-family has-medium-font-size\" style=\"font-style:normal;font-weight:700\">Pour ce faire, voici ce que je vous propose !<\/p>\n\n\n\n<ul class=\"wp-block-list is-style-default\">\n<li>\ud83d\udc08\u200d\u2b1b Soutenir le projet : vous pouvez participer \u00e0 hauteur de 10 \u20ac et soutenir concr\u00e8tement le projet Kuro Neko no Yatai ! En remerciement de votre participation, votre nom et\/ou pseudo sera inscrit sur un tableau sp\u00e9cial \u00e0 l\u2019int\u00e9rieur du food truck, symbole de votre contribution et de votre soutien pr\u00e9cieux.<\/li>\n\n\n\n<li>\ud83d\udc08\u200d\u2b1b Carte Cadeau : Offrez-vous ou \u00e0 vos proches une carte cadeau d\u2019une valeur de 15 \u20ac ! C\u2019est une mani\u00e8re simple et g\u00e9n\u00e9reuse de soutenir Kuro Neko no Yatai tout en b\u00e9n\u00e9ficiant d\u2019une future d\u00e9gustation gourmande.<\/li>\n<\/ul>\n\n\n\n<p class=\"has-raleway-font-family has-medium-font-size\" style=\"font-style:normal;font-weight:700\">Ainsi que la mise en place de Pass, en acc\u00e8s limit\u00e9 !<\/p>\n\n\n\n<ul class=\"wp-block-list\">\n<li>\ud83d\udc08\u200d\u2b1b \u2728 Le Pass \u9ed2 Kuro : Premier palier de ces Pass VIP ! Il permet de b\u00e9n\u00e9ficiez \u00e0 vie de 5% de r\u00e9duction \u00e0 chaque passage au food truck ! Ce Pass exclusif est accompagn\u00e9 de 4 cartes cadeaux d\u2019une valeur de 15 \u20ac chacune (3 achet\u00e9es + 1 offerte), pour partager ou profiter pleinement de nos saveurs japonaises.<\/li>\n\n\n\n<li>\ud83d\udc08\u200d\u2b1b \u2728\u2728 Le Pass \u9280 Gin : Deuxi\u00e8me palier des Pass exclusifs. Il donne droit \u00e0 10% de r\u00e9duction \u00e0 chaque passage au food truck !! II est accompagn\u00e9 de 5 cartes cadeaux d\u2019une valeur de 15 \u20ac chacune (4 achet\u00e9es + 1 offerte).<\/li>\n\n\n\n<li>\ud83d\udc08\u200d\u2b1b \u2728\u2728\u2728 Le Pass \u91d1 Kin : Troisi\u00e8me Pass ! Il donne droit \u00e0 15% de r\u00e9duction \u00e0 chaque passage au food truck ! II est accompagn\u00e9 de 6 cartes cadeaux d\u2019une valeur de 15 \u20ac chacune (5 achet\u00e9es + 1 offerte).<\/li>\n\n\n\n<li>\ud83d\udc08\u200d\u2b1b \u2728\u2728\u2728\u2728 Le Pass \u767d\u91d1 Hakkin : Enfin, dernier palier, le plus prestigieux ! Il donne droit \u00e0 20% de r\u00e9duction \u00e0 chaque passage au food truck !!!! II est accompagn\u00e9 de 7 cartes cadeaux d\u2019une valeur de 15 \u20ac chacune (6 achet\u00e9es + 1 offerte).<\/li>\n<\/ul>\n\n\n\n<p class=\"has-raleway-font-family has-medium-font-size\" style=\"font-style:normal;font-weight:700\">Vous trouverez les d\u00e9tails ainsi que les conditions de chaque Pass, des cartes cadeaux et de la participation de soutient sur les pages produits respectives <\/p>\n\n\n\n<div class=\"wp-block-buttons alignwide is-content-justification-center is-layout-flex wp-container-core-buttons-is-layout-a89b3969 wp-block-buttons-is-layout-flex\">\n<div class=\"wp-block-button\"><a class=\"wp-block-button__link wp-element-button\" href=\"https:\/\/ark-blackcat.com\/shop-knnt\/boutique\/\" target=\"_blank\" rel=\"noreferrer noopener\">\u25ba\u25ba\u25ba ACCEDER A LA BOUTIQUE !!! \u25ba\u25ba\u25ba<\/a><\/div>\n<\/div>\n\n\n\n<p class=\"has-medium-font-size\" style=\"font-style:normal;font-weight:700\">\u2728 Rejoignez l&rsquo;aventure ! Chaque contribution compte, et la v\u00f4tre fera toute la diff\u00e9rence ! \u2728<\/p>\n<\/div>\n\n\n\n<div class=\"wp-block-group has-global-padding is-layout-constrained wp-block-group-is-layout-constrained\">\n<p class=\"has-text-align-center has-large-font-size\"><strong>\u25bc<\/strong> <strong>\u25bc<\/strong> <strong>\u25bc<\/strong><\/p>\n\n\n\n<h2 class=\"wp-block-heading\">Comment \u00e7a marche ?<\/h2>\n\n\n\n<p>Pour concr\u00e9tiser le projet et continuer concr\u00e8tement la fabrication du Yatai, je lance cette campagne de \u00ab\u00a0crowdfunding\u00a0\u00bb. Chaque contribution, m\u00eame petite, compte \u00e9norm\u00e9ment !<\/p>\n\n\n\n<ul class=\"wp-block-list\">\n<li>Tu peux participer en soutenant le projet, en pr\u00e9commandant des cartes cadeaux (pour venir manger d\u00e8s les premiers \u00e9v\u00e8nements), ou en achetant des Pass exclusifs.<\/li>\n\n\n\n<li>Les fonds r\u00e9colt\u00e9s serviront \u00e0 construire le Yatai, acheter le mat\u00e9riel de cuisine, am\u00e9nager l\u2019espace et cr\u00e9er une ambiance chaleureuse et authentique.<\/li>\n<\/ul>\n\n\n\n<h2 class=\"wp-block-heading\">Pourquoi je compte sur vous ?<\/h2>\n\n\n\n<p>Ce projet, c\u2019est avant tout une aventure humaine. Chaque soutien, chaque partage, chaque mot d\u2019encouragement me donne une p\u00eache incroyable. Je veux que le Yatai soit un lieu vivant, inspir\u00e9 par la convivialit\u00e9 et la passion, o\u00f9 chacun pourra se sentir bien.<br>En participant, tu deviens un acteur de ce projet, un ambassadeur du Yatai, et tu pourras en profiter d\u00e8s les premiers jours !<\/p>\n\n\n\n<h2 class=\"wp-block-heading\">Merci du fond du c\u0153ur<\/h2>\n\n\n\n<p>Merci d\u2019avance pour ton soutien et ta confiance. Si tu veux en savoir plus, n\u2019h\u00e9site pas \u00e0 me contacter ou \u00e0 partager la campagne autour de toi. Plus on est nombreux, plus on avance vite vers ce r\u00eave ! \ud83d\ude80<\/p>\n\n\n\n<p>Avec toute mon \u00e9nergie et ma gratitude ! <\/p>\n\n\n\n<p>__ Kevin \u00ab\u00a0Kuro Neko\u00a0\u00bb __<\/p>\n<\/div>\n\n\n\n<div class=\"wp-block-buttons alignwide is-content-justification-center is-layout-flex wp-container-core-buttons-is-layout-a89b3969 wp-block-buttons-is-layout-flex\">\n<div class=\"wp-block-button\"><a class=\"wp-block-button__link wp-element-button\" href=\"https:\/\/ark-blackcat.com\/shop-knnt\/boutique\/\" target=\"_blank\" rel=\"noreferrer noopener\">\u25ba\u25ba\u25ba ACCEDER A LA BOUTIQUE !!! \u25ba\u25ba\u25ba<\/a><\/div>\n<\/div>\n\n\n\n<div class=\"wp-block-group has-global-padding is-layout-constrained wp-block-group-is-layout-constrained\">\n<p class=\"has-text-align-center has-xx-large-font-size\">\u2665<\/p>\n\n\n\n<p class=\"has-text-align-center has-xx-large-font-size\">\u2665 <strong>\u0e05^\u2022\ufecc\u2022^\u0e05<\/strong> \u2665<\/p>\n\n\n\n<p class=\"has-text-align-center has-xx-large-font-size\">\u2665 \u2665 \u2665<\/p>\n<\/div>\n","protected":false},"excerpt":{"rendered":"<p>\u2728 Lancement de la campagne de financement participatif ! \u2728 Pour donner vie au projet Kuro Neko no Yatai, j&rsquo;ai besoin de vous. Gr\u00e2ce \u00e0 votre soutien, le food truck japonais pourra prendre la route au printemps 2026 et vous offrir des saveurs authentiques et uniques. C\u2019est pourquoi je lance une campagne de financement participatif [&hellip;]<\/p>\n","protected":false},"author":1,"featured_media":0,"parent":0,"menu_order":0,"comment_status":"closed","ping_status":"closed","template":"","meta":{"footnotes":""},"class_list":["post-108","page","type-page","status-publish","hentry"],"jetpack_sharing_enabled":true,"_links":{"self":[{"href":"https:\/\/ark-blackcat.com\/shop-knnt\/wp-json\/wp\/v2\/pages\/108","targetHints":{"allow":["GET"]}}],"collection":[{"href":"https:\/\/ark-blackcat.com\/shop-knnt\/wp-json\/wp\/v2\/pages"}],"about":[{"href":"https:\/\/ark-blackcat.com\/shop-knnt\/wp-json\/wp\/v2\/types\/page"}],"author":[{"embeddable":true,"href":"https:\/\/ark-blackcat.com\/shop-knnt\/wp-json\/wp\/v2\/users\/1"}],"replies":[{"embeddable":true,"href":"https:\/\/ark-blackcat.com\/shop-knnt\/wp-json\/wp\/v2\/comments?post=108"}],"version-history":[{"count":12,"href":"https:\/\/ark-blackcat.com\/shop-knnt\/wp-json\/wp\/v2\/pages\/108\/revisions"}],"predecessor-version":[{"id":179,"href":"https:\/\/ark-blackcat.com\/shop-knnt\/wp-json\/wp\/v2\/pages\/108\/revisions\/179"}],"wp:attachment":[{"href":"https:\/\/ark-blackcat.com\/shop-knnt\/wp-json\/wp\/v2\/media?parent=108"}],"curies":[{"name":"wp","href":"https:\/\/api.w.org\/{rel}","templated":true}]}}